[INFO] cloning repository https://github.com/nikomatsakis/grep-test
[INFO] running `Command { std: "git" "-c" "credential.helper=" "-c" "credential.helper=/workspace/cargo-home/bin/git-credential-null" "clone" "--bare" "https://github.com/nikomatsakis/grep-test" "/workspace/cache/git-repos/https%3A%2F%2Fgithub.com%2Fnikomatsakis%2Fgrep-test", kill_on_drop: false }`
[INFO] [stderr] Cloning into bare repository '/workspace/cache/git-repos/https%3A%2F%2Fgithub.com%2Fnikomatsakis%2Fgrep-test'...
[INFO] running `Command { std: "git" "rev-parse" "HEAD", kill_on_drop: false }`
[INFO] [stdout] dd835f864fa4231c082dedde197d4ed87ed0d070
[INFO] checking nikomatsakis/grep-test against master#cfbc6d4cf1acbac5c025acf8ed68929caa551df3 for pr-75494-beta
[INFO] running `Command { std: "git" "clone" "/workspace/cache/git-repos/https%3A%2F%2Fgithub.com%2Fnikomatsakis%2Fgrep-test" "/workspace/builds/worker-3/source", kill_on_drop: false }`
[INFO] [stderr] Cloning into '/workspace/builds/worker-3/source'...
[INFO] [stderr] done.
[INFO] validating manifest of git repo https://github.com/nikomatsakis/grep-test on toolchain cfbc6d4cf1acbac5c025acf8ed68929caa551df3
[INFO] running `Command { std: "/workspace/cargo-home/bin/cargo" "+cfbc6d4cf1acbac5c025acf8ed68929caa551df3" "read-manifest" "--manifest-path" "Cargo.toml", kill_on_drop: false }`
[INFO] started tweaking git repo https://github.com/nikomatsakis/grep-test
[INFO] finished tweaking git repo https://github.com/nikomatsakis/grep-test
[INFO] tweaked toml for git repo https://github.com/nikomatsakis/grep-test written to /workspace/builds/worker-3/source/Cargo.toml
[INFO] crate git repo https://github.com/nikomatsakis/grep-test already has a lockfile, it will not be regenerated
[INFO] running `Command { std: "/workspace/cargo-home/bin/cargo" "+cfbc6d4cf1acbac5c025acf8ed68929caa551df3" "fetch" "--locked" "--manifest-path" "Cargo.toml", kill_on_drop: false }`
[INFO] [stderr]  Downloading crates ...
[INFO] [stderr]   Downloaded regex v0.2.5
[INFO] [stderr]   Downloaded cc v1.0.4
[INFO] running `Command { std: "docker" "create" "-v" "/var/lib/crater-agent-workspace/builds/worker-3/target:/opt/rustwide/target:rw,Z" "-v" "/var/lib/crater-agent-workspace/builds/worker-3/source:/opt/rustwide/workdir:ro,Z" "-v" "/var/lib/crater-agent-workspace/cargo-home:/opt/rustwide/cargo-home:ro,Z" "-v" "/var/lib/crater-agent-workspace/rustup-home:/opt/rustwide/rustup-home:ro,Z" "-e" "SOURCE_DIR=/opt/rustwide/workdir" "-e" "CARGO_TARGET_DIR=/opt/rustwide/target" "-e" "CARGO_HOME=/opt/rustwide/cargo-home" "-e" "RUSTUP_HOME=/opt/rustwide/rustup-home" "-w" "/opt/rustwide/workdir" "-m" "1610612736" "--user" "0:0" "--network" "none" "rustops/crates-build-env@sha256:a636fd89d022f18117e1dc8fb37a0a009933cdbbe082814857f0e2024962d47c" "/opt/rustwide/cargo-home/bin/cargo" "+cfbc6d4cf1acbac5c025acf8ed68929caa551df3" "metadata" "--no-deps" "--format-version=1", kill_on_drop: false }`
[INFO] [stdout] 936070d40124b7bb274976bfa31e11c73bec5b63cfba5192be2b5da8a2bdda93
[INFO] [stderr] WARNING: Your kernel does not support swap limit capabilities or the cgroup is not mounted. Memory limited without swap.
[INFO] running `Command { std: "docker" "start" "-a" "936070d40124b7bb274976bfa31e11c73bec5b63cfba5192be2b5da8a2bdda93", kill_on_drop: false }`
[INFO] running `Command { std: "docker" "inspect" "936070d40124b7bb274976bfa31e11c73bec5b63cfba5192be2b5da8a2bdda93", kill_on_drop: false }`
[INFO] running `Command { std: "docker" "rm" "-f" "936070d40124b7bb274976bfa31e11c73bec5b63cfba5192be2b5da8a2bdda93", kill_on_drop: false }`
[INFO] [stdout] 936070d40124b7bb274976bfa31e11c73bec5b63cfba5192be2b5da8a2bdda93
[INFO] running `Command { std: "docker" "create" "-v" "/var/lib/crater-agent-workspace/builds/worker-3/target:/opt/rustwide/target:rw,Z" "-v" "/var/lib/crater-agent-workspace/builds/worker-3/source:/opt/rustwide/workdir:ro,Z" "-v" "/var/lib/crater-agent-workspace/cargo-home:/opt/rustwide/cargo-home:ro,Z" "-v" "/var/lib/crater-agent-workspace/rustup-home:/opt/rustwide/rustup-home:ro,Z" "-e" "SOURCE_DIR=/opt/rustwide/workdir" "-e" "CARGO_TARGET_DIR=/opt/rustwide/target" "-e" "CARGO_INCREMENTAL=0" "-e" "RUST_BACKTRACE=full" "-e" "RUSTFLAGS=--cap-lints=forbid" "-e" "CARGO_HOME=/opt/rustwide/cargo-home" "-e" "RUSTUP_HOME=/opt/rustwide/rustup-home" "-w" "/opt/rustwide/workdir" "-m" "1610612736" "--user" "0:0" "--network" "none" "rustops/crates-build-env@sha256:a636fd89d022f18117e1dc8fb37a0a009933cdbbe082814857f0e2024962d47c" "/opt/rustwide/cargo-home/bin/cargo" "+cfbc6d4cf1acbac5c025acf8ed68929caa551df3" "check" "--frozen" "--all" "--all-targets" "--message-format=json", kill_on_drop: false }`
[INFO] [stdout] 3b2e588975e005c4029e531e3e971b44b260ec3d74709dd4ba73d313e922a506
[INFO] [stderr] WARNING: Your kernel does not support swap limit capabilities or the cgroup is not mounted. Memory limited without swap.
[INFO] running `Command { std: "docker" "start" "-a" "3b2e588975e005c4029e531e3e971b44b260ec3d74709dd4ba73d313e922a506", kill_on_drop: false }`
[INFO] [stderr]     Blocking waiting for file lock on package cache
[INFO] [stderr]     Checking libc v0.2.36
[INFO] [stderr]    Compiling unicode-xid v0.0.4
[INFO] [stderr]    Compiling cc v1.0.4
[INFO] [stderr]     Checking void v1.0.2
[INFO] [stderr]     Checking lazy_static v1.0.0
[INFO] [stderr]     Checking cfg-if v0.1.2
[INFO] [stderr]     Checking utf8-ranges v1.0.0
[INFO] [stderr]     Checking regex-syntax v0.4.2
[INFO] [stderr]     Checking unreachable v1.0.0
[INFO] [stderr]    Compiling synom v0.11.3
[INFO] [stderr]     Checking thread_local v0.3.5
[INFO] [stderr]    Compiling syn v0.11.11
[INFO] [stderr]     Checking memchr v2.0.1
[INFO] [stderr]     Checking aho-corasick v0.6.4
[INFO] [stderr]    Compiling backtrace-sys v0.1.16
[INFO] [stderr]     Checking regex v0.2.5
[INFO] [stderr]    Compiling synstructure v0.6.1
[INFO] [stderr]    Compiling failure_derive v0.1.1
[INFO] [stderr]     Checking backtrace v0.3.5
[INFO] [stderr]     Checking failure v0.1.1
[INFO] [stderr]     Checking grep-test v0.1.0 (/opt/rustwide/workdir)
[INFO] [stdout] error: expected identifier, found keyword `extern`
[INFO] [stdout]   --> src/main.rs:11:5
[INFO] [stdout]    |
[INFO] [stdout] 11 | use extern::{
[INFO] [stdout]    |     ^^^^^^ expected identifier, found keyword
[INFO] [stdout]    |
[INFO] [stdout] help: you can escape reserved keywords to use them as identifiers
[INFO] [stdout]    |
[INFO] [stdout] 11 | use r#extern::{
[INFO] [stdout]    |     ^^^^^^^^
[INFO] [stdout] 
[INFO] [stdout] 
[INFO] [stdout] error[E0557]: feature has been removed
[INFO] [stdout]  --> src/main.rs:1:55
[INFO] [stdout]   |
[INFO] [stdout] 1 | #![feature(crate_in_paths, crate_visibility_modifier, extern_in_paths, decl_macro,
[INFO] [stdout]   |                                                       ^^^^^^^^^^^^^^^ feature has been removed
[INFO] [stdout]   |
[INFO] [stdout]   = note: subsumed by `::foo::bar` paths
[INFO] [stdout] 
[INFO] [stdout] 
[INFO] [stdout] error: expected identifier, found keyword `extern`
[INFO] [stdout]  --> src/file_read.rs:1:5
[INFO] [stdout]   |
[INFO] [stdout] 1 | use extern::std::{fs::File, io::{self, BufRead, BufReader}, path::Path};
[INFO] [stdout]   |     ^^^^^^ expected identifier, found keyword
[INFO] [stdout]   |
[INFO] [stdout] help: you can escape reserved keywords to use them as identifiers
[INFO] [stdout]   |
[INFO] [stdout] 1 | use r#extern::std::{fs::File, io::{self, BufRead, BufReader}, path::Path};
[INFO] [stdout]   |     ^^^^^^^^
[INFO] [stdout] 
[INFO] [stdout] 
[INFO] [stdout] error: expected identifier, found keyword `extern`
[INFO] [stdout]   --> src/main.rs:11:5
[INFO] [stdout]    |
[INFO] [stdout] 11 | use extern::{
[INFO] [stdout]    |     ^^^^^^ expected identifier, found keyword
[INFO] [stdout]    |
[INFO] [stdout] help: you can escape reserved keywords to use them as identifiers
[INFO] [stdout]    |
[INFO] [stdout] 11 | use r#extern::{
[INFO] [stdout]    |     ^^^^^^^^
[INFO] [stdout] 
[INFO] [stdout] 
[INFO] [stdout] error[E0557]: feature has been removed
[INFO] [stdout]  --> src/main.rs:1:55
[INFO] [stdout]   |
[INFO] [stdout] 1 | #![feature(crate_in_paths, crate_visibility_modifier, extern_in_paths, decl_macro,
[INFO] [stdout]   |                                                       ^^^^^^^^^^^^^^^ feature has been removed
[INFO] [stdout]   |
[INFO] [stdout]   = note: subsumed by `::foo::bar` paths
[INFO] [stdout] 
[INFO] [stdout] 
[INFO] [stdout] error: expected identifier, found keyword `extern`
[INFO] [stdout]  --> src/file_read.rs:1:5
[INFO] [stdout]   |
[INFO] [stdout] 1 | use extern::std::{fs::File, io::{self, BufRead, BufReader}, path::Path};
[INFO] [stdout]   |     ^^^^^^ expected identifier, found keyword
[INFO] [stdout]   |
[INFO] [stdout] help: you can escape reserved keywords to use them as identifiers
[INFO] [stdout]   |
[INFO] [stdout] 1 | use r#extern::std::{fs::File, io::{self, BufRead, BufReader}, path::Path};
[INFO] [stdout]   |     ^^^^^^^^
[INFO] [stdout] 
[INFO] [stdout] 
[INFO] [stdout] error[E0433]: failed to resolve: maybe a missing crate `r#extern`?
[INFO] [stdout]  --> src/file_read.rs:1:5
[INFO] [stdout]   |
[INFO] [stdout] 1 | use extern::std::{fs::File, io::{self, BufRead, BufReader}, path::Path};
[INFO] [stdout]   |     ^^^^^^ maybe a missing crate `r#extern`?
[INFO] [stdout] 
[INFO] [stdout] 
[INFO] [stdout] error[E0433]: failed to resolve: maybe a missing crate `r#extern`?
[INFO] [stdout]   --> src/main.rs:11:5
[INFO] [stdout]    |
[INFO] [stdout] 11 | use extern::{
[INFO] [stdout]    |     ^^^^^^ maybe a missing crate `r#extern`?
[INFO] [stdout] 
[INFO] [stdout] 
[INFO] [stdout] error[E0433]: failed to resolve: maybe a missing crate `r#extern`?
[INFO] [stdout]  --> src/file_read.rs:1:5
[INFO] [stdout]   |
[INFO] [stdout] 1 | use extern::std::{fs::File, io::{self, BufRead, BufReader}, path::Path};
[INFO] [stdout]   |     ^^^^^^ maybe a missing crate `r#extern`?
[INFO] [stdout] 
[INFO] [stdout] 
[INFO] [stdout] error[E0433]: failed to resolve: maybe a missing crate `r#extern`?
[INFO] [stdout]   --> src/main.rs:11:5
[INFO] [stdout]    |
[INFO] [stdout] 11 | use extern::{
[INFO] [stdout]    |     ^^^^^^ maybe a missing crate `r#extern`?
[INFO] [stdout] 
[INFO] [stdout] 
[INFO] [stdout] error[E0433]: failed to resolve: use of undeclared type or module `io`
[INFO] [stdout]  --> src/file_read.rs:5:39
[INFO] [stdout]   |
[INFO] [stdout] 5 |     mut callback: impl FnMut(&str) -> io::Result<()>,
[INFO] [stdout]   |                                       ^^ use of undeclared type or module `io`
[INFO] [stdout] 
[INFO] [stdout] 
[INFO] [stdout] error[E0433]: failed to resolve: use of undeclared type or module `io`
[INFO] [stdout]  --> src/file_read.rs:6:6
[INFO] [stdout]   |
[INFO] [stdout] 6 | ) -> io::Result<()> {
[INFO] [stdout]   |      ^^ use of undeclared type or module `io`
[INFO] [stdout] 
[INFO] [stdout] 
[INFO] [stdout] error[E0433]: failed to resolve: use of undeclared type or module `io`
[INFO] [stdout]   --> src/main.rs:18:14
[INFO] [stdout]    |
[INFO] [stdout] 18 | fn main() -> io::Result<()> {
[INFO] [stdout]    |              ^^ use of undeclared type or module `io`
[INFO] [stdout] 
[INFO] [stdout] 
[INFO] [stdout] error[E0433]: failed to resolve: use of undeclared type or module `env`
[INFO] [stdout]   --> src/main.rs:19:20
[INFO] [stdout]    |
[INFO] [stdout] 19 |     let mut args = env::args().skip(1);
[INFO] [stdout]    |                    ^^^ use of undeclared type or module `env`
[INFO] [stdout] 
[INFO] [stdout] 
[INFO] [stdout] error[E0433]: failed to resolve: use of undeclared type or module `process`
[INFO] [stdout]   --> src/main.rs:25:13
[INFO] [stdout]    |
[INFO] [stdout] 25 |             process::exit(1);
[INFO] [stdout]    |             ^^^^^^^ use of undeclared type or module `process`
[INFO] [stdout] 
[INFO] [stdout] 
[INFO] [stdout] error[E0433]: failed to resolve: use of undeclared type or module `Regex`
[INFO] [stdout]   --> src/main.rs:29:22
[INFO] [stdout]    |
[INFO] [stdout] 29 |         Some(arg) => Regex::new(&arg).expect("invalid regex"),
[INFO] [stdout]    |                      ^^^^^ use of undeclared type or module `Regex`
[INFO] [stdout] 
[INFO] [stdout] 
[INFO] [stdout] error[E0433]: failed to resolve: use of undeclared type or module `io`
[INFO] [stdout]   --> src/main.rs:32:18
[INFO] [stdout]    |
[INFO] [stdout] 32 |     let stdout = io::stdout();
[INFO] [stdout]    |                  ^^ use of undeclared type or module `io`
[INFO] [stdout] 
[INFO] [stdout] 
[INFO] [stdout] error[E0412]: cannot find type `Path` in this scope
[INFO] [stdout]  --> src/file_read.rs:4:22
[INFO] [stdout]   |
[INFO] [stdout] 4 |     path: impl AsRef<Path>,
[INFO] [stdout]   |                      ^^^^ not found in this scope
[INFO] [stdout]   |
[INFO] [stdout] help: consider importing this struct
[INFO] [stdout]   |
[INFO] [stdout] 1 | use std::path::Path;
[INFO] [stdout]   |
[INFO] [stdout] 
[INFO] [stdout] 
[INFO] [stdout] error[E0433]: failed to resolve: use of undeclared type or module `File`
[INFO] [stdout]  --> src/file_read.rs:7:16
[INFO] [stdout]   |
[INFO] [stdout] 7 |     let file = File::open(path)?;
[INFO] [stdout]   |                ^^^^ not found in this scope
[INFO] [stdout]   |
[INFO] [stdout] help: consider importing this struct
[INFO] [stdout]   |
[INFO] [stdout] 1 | use std::fs::File;
[INFO] [stdout]   |
[INFO] [stdout] 
[INFO] [stdout] 
[INFO] [stdout] error[E0433]: failed to resolve: use of undeclared type or module `BufReader`
[INFO] [stdout]  --> src/file_read.rs:8:18
[INFO] [stdout]   |
[INFO] [stdout] 8 |     let reader = BufReader::new(&file);
[INFO] [stdout]   |                  ^^^^^^^^^ not found in this scope
[INFO] [stdout]   |
[INFO] [stdout] help: consider importing this struct
[INFO] [stdout]   |
[INFO] [stdout] 1 | use std::io::BufReader;
[INFO] [stdout]   |
[INFO] [stdout] 
[INFO] [stdout] 
[INFO] [stdout] error[E0554]: `#![feature]` may not be used on the beta release channel
[INFO] [stdout]  --> src/main.rs:1:1
[INFO] [stdout]   |
[INFO] [stdout] 1 | / #![feature(crate_in_paths, crate_visibility_modifier, extern_in_paths, decl_macro,
[INFO] [stdout] 2 | |            termination_trait, use_nested_groups, universal_impl_trait)]
[INFO] [stdout]   | |_______________________________________________________________________^
[INFO] [stdout] 
[INFO] [stdout] 
[INFO] [stdout] error[E0433]: failed to resolve: use of undeclared type or module `io`
[INFO] [stdout]  --> src/file_read.rs:5:39
[INFO] [stdout]   |
[INFO] [stdout] 5 |     mut callback: impl FnMut(&str) -> io::Result<()>,
[INFO] [stdout]   |                                       ^^ use of undeclared type or module `io`
[INFO] [stdout] 
[INFO] [stdout] 
[INFO] [stdout] error[E0433]: failed to resolve: use of undeclared type or module `io`
[INFO] [stdout]  --> src/file_read.rs:6:6
[INFO] [stdout]   |
[INFO] [stdout] 6 | ) -> io::Result<()> {
[INFO] [stdout]   |      ^^ use of undeclared type or module `io`
[INFO] [stdout] 
[INFO] [stdout] 
[INFO] [stdout] error[E0433]: failed to resolve: use of undeclared type or module `io`
[INFO] [stdout]   --> src/main.rs:18:14
[INFO] [stdout]    |
[INFO] [stdout] 18 | fn main() -> io::Result<()> {
[INFO] [stdout]    |              ^^ use of undeclared type or module `io`
[INFO] [stdout] 
[INFO] [stdout] 
[INFO] [stdout] error[E0433]: failed to resolve: use of undeclared type or module `env`
[INFO] [stdout]   --> src/main.rs:19:20
[INFO] [stdout]    |
[INFO] [stdout] 19 |     let mut args = env::args().skip(1);
[INFO] [stdout]    |                    ^^^ use of undeclared type or module `env`
[INFO] [stdout] 
[INFO] [stdout] 
[INFO] [stdout] error[E0433]: failed to resolve: use of undeclared type or module `process`
[INFO] [stdout]   --> src/main.rs:25:13
[INFO] [stdout]    |
[INFO] [stdout] 25 |             process::exit(1);
[INFO] [stdout]    |             ^^^^^^^ use of undeclared type or module `process`
[INFO] [stdout] 
[INFO] [stdout] 
[INFO] [stdout] error[E0433]: failed to resolve: use of undeclared type or module `Regex`
[INFO] [stdout]   --> src/main.rs:29:22
[INFO] [stdout]    |
[INFO] [stdout] 29 |         Some(arg) => Regex::new(&arg).expect("invalid regex"),
[INFO] [stdout]    |                      ^^^^^ use of undeclared type or module `Regex`
[INFO] [stdout] 
[INFO] [stdout] 
[INFO] [stdout] error[E0433]: failed to resolve: use of undeclared type or module `io`
[INFO] [stdout]   --> src/main.rs:32:18
[INFO] [stdout]    |
[INFO] [stdout] 32 |     let stdout = io::stdout();
[INFO] [stdout]    |                  ^^ use of undeclared type or module `io`
[INFO] [stdout] 
[INFO] [stdout] 
[INFO] [stdout] error[E0412]: cannot find type `Path` in this scope
[INFO] [stdout]  --> src/file_read.rs:4:22
[INFO] [stdout]   |
[INFO] [stdout] 4 |     path: impl AsRef<Path>,
[INFO] [stdout]   |                      ^^^^ not found in this scope
[INFO] [stdout]   |
[INFO] [stdout] help: consider importing this struct
[INFO] [stdout]   |
[INFO] [stdout] 1 | use std::path::Path;
[INFO] [stdout]   |
[INFO] [stdout] 
[INFO] [stdout] 
[INFO] [stdout] error[E0433]: failed to resolve: use of undeclared type or module `File`
[INFO] [stdout]  --> src/file_read.rs:7:16
[INFO] [stdout]   |
[INFO] [stdout] 7 |     let file = File::open(path)?;
[INFO] [stdout]   |                ^^^^ not found in this scope
[INFO] [stdout]   |
[INFO] [stdout] help: consider importing this struct
[INFO] [stdout]   |
[INFO] [stdout] 1 | use std::fs::File;
[INFO] [stdout]   |
[INFO] [stdout] 
[INFO] [stdout] 
[INFO] [stdout] error[E0433]: failed to resolve: use of undeclared type or module `BufReader`
[INFO] [stdout]  --> src/file_read.rs:8:18
[INFO] [stdout]   |
[INFO] [stdout] 8 |     let reader = BufReader::new(&file);
[INFO] [stdout]   |                  ^^^^^^^^^ not found in this scope
[INFO] [stdout]   |
[INFO] [stdout] help: consider importing this struct
[INFO] [stdout]   |
[INFO] [stdout] 1 | use std::io::BufReader;
[INFO] [stdout]   |
[INFO] [stdout] 
[INFO] [stdout] 
[INFO] [stdout] error[E0554]: `#![feature]` may not be used on the beta release channel
[INFO] [stdout]  --> src/main.rs:1:1
[INFO] [stdout]   |
[INFO] [stdout] 1 | / #![feature(crate_in_paths, crate_visibility_modifier, extern_in_paths, decl_macro,
[INFO] [stdout] 2 | |            termination_trait, use_nested_groups, universal_impl_trait)]
[INFO] [stdout]   | |_______________________________________________________________________^
[INFO] [stdout] 
[INFO] [stdout] 
[INFO] [stdout] error: aborting due to 16 previous errors
[INFO] [stdout] 
[INFO] [stdout] 
[INFO] [stdout] Some errors have detailed explanations: E0412, E0433, E0554, E0557.
[INFO] [stdout] 
[INFO] [stdout] For more information about an error, try `rustc --explain E0412`.
[INFO] [stdout] 
[INFO] [stdout] error: aborting due to 16 previous errors
[INFO] [stdout] 
[INFO] [stdout] 
[INFO] [stdout] Some errors have detailed explanations: E0412, E0433, E0554, E0557.
[INFO] [stdout] 
[INFO] [stdout] For more information about an error, try `rustc --explain E0412`.
[INFO] [stdout] 
[INFO] [stderr] error: could not compile `grep-test`.
[INFO] [stderr] 
[INFO] [stderr] To learn more, run the command again with --verbose.
[INFO] [stderr] warning: build failed, waiting for other jobs to finish...
[INFO] [stderr] error: build failed
[INFO] running `Command { std: "docker" "inspect" "3b2e588975e005c4029e531e3e971b44b260ec3d74709dd4ba73d313e922a506", kill_on_drop: false }`
[INFO] running `Command { std: "docker" "rm" "-f" "3b2e588975e005c4029e531e3e971b44b260ec3d74709dd4ba73d313e922a506", kill_on_drop: false }`
[INFO] [stdout] 3b2e588975e005c4029e531e3e971b44b260ec3d74709dd4ba73d313e922a506
